 20.
2
What is the remainder when 341 is divided by 40?
21
What is the remainder when 96 is divided by 20?
16
Calculate the remainder when 131 is divided by 34.
29
Calculate the remainder when 192 is divided by 67.
58
What is the remainder when 3805 is divided by 47?
45
What is the remainder when 46 is divided by 18?
10
What is the remainder when 173 is divided by 63?
47
Calculate the remainder when 99 is divided by 25.
24
Calculate the remainder when 149 is divided by 17.
13
Calculate the remainder when 28 is divided by 4.
0
What is the remainder when 1749 is divided by 84?
69
What is the remainder when 198 is divided by 99?
0
Calculate the remainder when 268 is divided by 17.
13
Calculate the remainder when 271 is divided by 68.
67
What is the remainder when 10527 is divided by 26?
23
What is the remainder when 708 is divided by 65?
58
What is the remainder when 997 is divided by 37?
35
Calculate the remainder when 316 is divided by 72.
28
Calculate the remainder when 204 is divided by 36.
24
What is the remainder when 4122 is divided by 376?
362
Calculate the remainder when 381 is divided by 64.
61
Calculate the remainder when 202 is divided by 63.
13
What is the remainder when 309 is divided by 12?
9
What is the remainder when 215 is divided by 11?
6
What is the remainder when 2619 is divided by 242?
199
Calculate the remainder when 57 is divided by 3.
0
Calculate the remainder when 1300 is divided by 37.
5
Calculate the remainder when 188 is divided by 66.
56
Calculate the remainder when 13038 is divided by 23.
20
Calculate the remainder when 755 is divided by 95.
90
What is the remainder when 527 is divided by 175?
2
What is the remainder when 596 is divided by 151?
143
Calculate the remainder when 648 is divided by 284.
80
Calculate the remainder when 71 is divided by 45.
26
What is the remainder when 47 is divided by 33?
14
What is the remainder when 2353 is divided by 335?
8
What is the remainder when 9468 is divided by 79?
67
What is the remainder when 12853 is divided by 7?
1
What is the remainder when 234 is divided by 21?
3
Calculate the remainder when 1880 is divided by 1872.
8
Calculate the remainder when 15 is divided by 4.
3
What is the remainder when 850 is divided by 128?
82
Calculate the remainder when 91 is divided by 24.
19
Calculate the remainder when 31 is divided by 28.
3
Calculate the remainder when 332 is divided by 162.
8
What is the remainder when 55 is divided by 2?
1
What is the remainder when 247 is divided by 122?
3
What is the remainder when 4898 is divided by 96?
2
Calculate the remainder when 2955 is divided by 21.
15
What is the remainder when 253 is divided by 26?
19
What is the remainder when 358 is divided by 141?
76
What is the remainder when 1675 is divided by 210?
205
Calculate the remainder when 989 is divided by 163.
11
Calculate the remainder when 48 is divided by 13.
9
What is the remainder when 108 is divided by 8?
4
Calculate the remainder when 13102 is divided by 9.
7
Calculate the remainder when 201 is divided by 58.
27
Calculate the remainder when 35 is divided by 14.
7
What is the remainder when 3049 is divided by 606?
19
What is the remainder when 568 is divided by 82?
76
What is the remainder when 1184 is divided by 1104?
80
Calculate the remainder when 486 is divided by 11.
2
Calculate the remainder when 52 is divided by 10.
2
What is the remainder when 100 is divided by 31?
7
Calculate the remainder when 406 is divided by 131.
13
Calculate the remainder when 430 is divided by 8.
6
What is the remainder when 75148 is divided by 150?
148
What is the remainder when 155 is divided by 26?
25
What is the remainder when 33 is divided by 7?
5
What is the remainder when 877 is divided by 149?
132
What is the remainder when 168 is divided by 50?
18
What is the remainder when 249 is divided by 25?
24
What is the remainder when 475 is divided by 80?
75
Calculate the remainder when 447 is divided by 18.
15
What is the remainder when 3078 is divided by 77?
75
Calculate the remainder when 44 is divided by 16.
12
What is the remainder when 520 is divided by 114?
64
What is the remainder when 4310 is divided by 9?
8
Calculate the remainder when 474 is divided by 69.
60
What is the remainder when 569 is divided by 127?
61
Calculate the remainder when 1394 is divided by 31.
30
What is the remainder when 8281 is divided by 19?
16
Calculate the remainder when 179 is divided by 89.
1
What is the remainder when 78 is divided by 39?
0
What is the remainder when 336 is divided by 68?
64
What is the remainder when 178 is divided by 21?
10
What is the remainder when 117 is divided by 20?
17
Calculate the remainder when 3406 is divided by 55.
51
Calculate the remainder when 224 is divided by 76.
72
What is the remainder when 1161 is divided by 10?
1
What is the remainder when 179 is divided by 107?
72
Calculate the remainder when 439 is divided by 88.
87
Calculate the remainder when 259 is divided by 52.
51
What is the remainder when 259 is divided by 128?
3
Calculate the remainder when 45337 is divided by 21.
19
What is the remainder when 33 is divided by 23?
10
Calculate the remainder when 599 is divided by 41.
25
What is the remainder when 592 is divided by 193?
13
Calculate the remainder when 301 is divided by 19.
16
Calculate the remainder when 862 is divided by 18.
16
Calculate the remainder when 826 is divided by 204.
10
Calculate the remainder when 281 is divided by 42.
29
What is the remainder when 103 is divided by 30?
13
Calculate the remainder when 424 is divided by 12.
4
Calculate the remainder when 74 is divided by 51.
23
Calculate the remainder when 232 is divided by 39.
37
Calculate the remainder when 215 is divided by 97.
21
Calculate the remainder when 14646 is divided by 27.
12
Calculate the remainder when 70 is divided by 20.
10
What is the remainder when 422 is divided by 148?
126
What is the remainder when 3426 is divided by 35?
31
What is the remainder when 959 is divided by 12?
11
What is the remainder when 120 is divided by 27?
12
What is the remainder when 38 is divided by 23?
15
Calculate the remainder when 745 is divided by 16.
9
Calculate the remainder when 551 is divided by 135.
11
What is the remainder when 2235 is divided by 68?
59
Calculate the remainder when 686 is divided by 13.
10
Calculate the remainder when 347 is divided by 39.
35
What is the remainder when 8028 is divided by 141?
132
What is the remainder when 56 is divided by 7?
0
What is the remainder when 393 is divided by 11?
8
What is the remainder when 378 is divided by 133?
112
What is the remainder when 254 is divided by 26?
20
Calculate the remainder when 1827 is divided by 55.
12
Calculate the remainder when 536 is divided by 220.
96
What is the remainder when 240 is divided by 9?
6
What is the remainder when 19 is divided by 17?
2
Calculate the remainder when 122 is divided by 26.
18
What is the remainder when 1898 is divided by 41?
12
Calculate the remainder when 398 is divided by 57.
56
What is the remainder when 1538 is divided by 508?
14
Calculate the remainder when 86 is divided by 47.
39
Calculate the remainder when 1313 is divided by 322.
25
What is the remainder when 17 is divided by 12?
5
Calculate the remainder when 2611 is divided by 143.
37
What is the remainder when 134 is divided by 21?
8
Calculate the remainder when 307 is divided by 20.
7
Calculate the remainder when 252 is divided by 246.
6
What is the remainder when 839 is divided by 81?
29
Calculate the remainder when 26591 is divided by 29.
27
Calculate the remainder when 253 is divided by 58.
21
What is the remainder when 1181 is divided by 79?
75
Calculate the remainder when 195 is divided by 77.
41
Calculate the remainder when 127 is divided by 15.
7
Calculate the remainder when 24963 is divided by 316.
315
Calculate the remainder when 99 is divided by 10.
9
Calculate the remainder when 580 is divided by 73.
69
What is the remainder when 244 is divided by 42?
34
What is the remainder when 1815 is divided by 70?
65
Calculate the remainder when 97 is divided by 29.
10
Calculate the remainder when 337 is divided by 174.
163
Calculate the remainder when 703 is divided by 72.
55
What is the remainder when 563 is divided by 48?
35
Calculate th